e 6
125
What is -2 (base 12) in base 16?
-2
1a (base 15) to base 10
25
What is -111111 (base 2) in base 15?
-43
What is -230 (base 5) in base 2?
-1000001
What is -133 (base 8) in base 3?
-10101
What is 311 (base 4) in base 10?
53
What is -10 (base 3) in base 8?
-3
0 (base 9) to base 15
0
111 (base 2) to base 16
7
What is -1 (base 12) in base 2?
-1
Convert 15 (base 6) to base 14.
b
What is -8 (base 15) in base 7?
-11
What is 2100 (base 3) in base 10?
63
What is 2 (base 11) in base 5?
2
Convert -45 (base 10) to base 11.
-41
What is 131 (base 15) in base 7?
535
Convert -1 (base 3) to base 5.
-1
What is -10 (base 11) in base 9?
-12
-32 (base 14) to base 7
-62
-4 (base 8) to base 14
-4
What is 164 (base 11) in base 15?
cb
231 (base 7) to base 12
a0
Convert -c (base 15) to base 9.
-13
Convert -111001 (base 2) to base 9.
-63
What is -50 (base 10) in base 11?
-46
What is 2 (base 12) in base 13?
2
-66 (base 11) to base 12
-60
What is 12 (base 3) in base 12?
5
38 (base 11) to base 7
56
What is 2 (base 16) in base 4?
2
201 (base 4) to base 7
45
ab (base 16) to base 6
443
What is -11000 (base 2) in base 16?
-18
What is 1001 (base 2) in base 10?
9
-11 (base 8) to base 15
-9
Convert 42 (base 9) to base 7.
53
Convert 0 (base 9) to base 13.
0
-49 (base 13) to base 16
-3d
What is a (base 16) in base 13?
a
Convert -4 (base 10) to base 13.
-4
Convert 20 (base 11) to base 10.
22
5 (base 15) to base 8
5
What is 15 (base 16) in base 13?
18
33 (base 5) to base 3
200
Convert 1 (base 10) to base 11.
1
Convert -1 (base 11) to base 2.
-1
6 (base 13) to base 7
6
Convert 0 (base 10) to base 9.
0
Convert 68 (base 13) to base 12.
72
Convert -1 (base 3) to base 7.
-1
Convert -174 (base 8) to base 7.
-235
Convert 1110101 (base 2) to base 5.
432
What is 100 (base 2) in base 16?
4
What is 4 (base 8) in base 7?
4
Convert -106 (base 7) to base 6.
-131
1 (base 14) to base 12
1
What is 3 (base 16) in base 14?
3
0 (base 4) to base 7
0
5 (base 14) to base 7
5
Convert -155 (base 16) to base 12.
-245
3 (base 15) to base 10
3
Convert -46 (base 14) to base 9.
-68
Convert -122 (base 5) to base 9.
-41
Convert 11100 (base 2) to base 8.
34
-2b (base 12) to base 11
-32
What is -2 (base 10) in base 11?
-2
-5 (base 16) to base 12
-5
What is 112 (base 3) in base 12?
12
e (base 15) to base 4
32
Convert -123 (base 4) to base 5.
-102
-13 (base 7) to base 14
-a
What is -2 (base 6) in base 14?
-2
0 (base 5) to base 8
0
7 (base 15) to base 10
7
What is -4 (base 10) in base 6?
-4
14 (base 6) to base 11
a
-32 (base 7) to base 10
-23
What is 101 (base 7) in base 5?
200
What is -2 (base 6) in base 11?
-2
-92 (base 10) to base 6
-232
Convert 1011 (base 3) to base 15.
21
What is -28 (base 12) in base 3?
-1012
Convert 14 (base 6) to base 5.
20
34 (base 6) to base 3
211
1101 (base 3) to base 5
122
What is -15 (base 14) in base 2?
-10011
What is -1131 (base 5) in base 4?
-2212
Convert 172 (base 13) to base 3.
100201
-13 (base 14) to base 3
-122
-a (base 15) to base 7
-13
What is -34 (base 12) in base 8?
-50
What is -27 (base 12) in base 4?
-133
71 (base 16) to base 3
11012
26 (base 14) to base 3
1021
111 (base 11) to base 15
8d
Convert 12 (base 4) to base 15.
6
What is 26 (base 15) in base 12?
30
Convert -11 (base 13) to base 6.
-22
-10022 (base 3) to base 15
-5e
-231 (base 8) to base 10
-153
Convert -ea (base 15) to base 9.
-264
What is -1 (base 2) in base 5?
-1
What is 40 (base 5) in base 3?
202
Convert 46 (base 8) to base 6.
102
Convert -2 (base 5) to base 13.
-2
What is 4 (base 10) in base 16?
4
What is -1001 (base 2) in base 9?
-10
What is 3 (base 15) in base 10?
3
What is 111 (base 10) in base 8?
157
Convert -1200 (base 3) to base 5.
-140
What is 0 (base 7) in base 16?
0
Convert -11110 (base 2) to base 15.
-20
Convert 1001 (base 2) to base 13.
9
155 (base 6) to base 7
131
What is 0 (base 13) in base 9?
0
What is 77 (base 8) in base 16?
3f
42 (base 6) to base 15
1b
What is 4 (base 8) in base 7?
4
What is 8 (base 9) in base 13?
8
Convert -10 (base 16) to base 2.
-10000
Convert 22 (base 8) to base 7.
24
-5 (base 10) to base 3
-12
31 (base 5) to base 11
15
Convert -13 (base 9) to base 6.
-20
-12 (base 4) to base 13
-6
14 (base 6) to base 16
a
24 (base 13) to base 3
1010
What is -155 (base 9) in base 2?
-10000011
18 (base 16) to base 15
19
13 (base 12) to base 7
21
25 (base 9) to base 11
21
Convert 7 (base 16) to base 10.
7
Convert -4 (base 9) to base 14.
-4
7 (base 10) to base 8
7
2 (base 7) to base 13
2
-7 (base 14) to base 10
-7
Convert -83 (base 14) to base 7.
-223
Convert -410 (base 6) to base 13.
-b7
What is 2 (base 14) in base 5?
2
Convert 7c (base 13) to base 16.
67
Convert -2 (base 8) to base 2.
-10
Convert -32 (base 4) to base 3.
-112
What is -2210 (base 3) in base 5?
-300
-1 (base 15) to base 8
-1
1 (base 7) to base 11
1
-33 (base 14) to base 16
-2d
What is -1 (base 14) in base 5?
-1
28 (base 11) to base 6
50
2 (base 9) to base 12
2
0 (base 6) to base 10
0
Convert 66 (base 14) to base 6.
230
What is 39 (base 13) in base 10?
48
Convert 353 (base 6) to base 4.
2031
What is -14 (base 8) in base 10?
-12
What is -430 (base 6) in base 12?
-116
Convert 1210 (base 4) to base 7.
202
What is 14 (base 10) in base 6?
22
What is -3 (base 5) in base 13?
-3
What is 4a (base 13) in base 15?
42
What is -54 (base 13) in base 9?
-76
233 (base 7) to base 16
7a
What is 161 (base 16) in base 13?
212
What is -d (base 16) in base 9?
-14
What is 1 (base 6) in base 2?
1
Convert -210 (base 6) to base 7.
-141
What is -204 (base 7) in base 13?
-7b
Convert 1 (base 2) to base 4.
1
Convert -1100 (base 2) to base 13.
-c
Convert -522 (base 7) to base 10.
-261
What is -19 (base 13) in base 5?
-42
-46 (base 16) to base 13
-55
What is -23 (base 10) in base 12?
-1b
Convert 23 (base 14) to base 4.
133
-15 (base 16) to base 11
-1a
-239 (base 10) to base 3
-22212
Convert 10 (base 5) to base 8.
5
-1 (base 9) to base 3
-1
-12 (base 5) to base 9
-7
Convert 11 (base 6) to base 10.
7
22 (base 7) to base 5
31
10 (base 4) to base 10
4
Convert -344 (base 6) to base 2.
-10001000
What is -155 (base 9) in base 4?
-2003
-5 (base 8) to base 11
-5
What is -4 (base 7) in base 12?
-4
Convert -3 (base 14) to base 10.
-3
What is 40 (base 12) in base 8?
60
What is -112 (base 6) in base 15?
-2e
What is 155 (base 6) in base 5?
241
Convert -ca (base 14) to base 2.
-10110010
Convert 1 (base 15) to base 5.
1
What is 34 (base 7) in base 4?
121
-41 (base 9) to base 6
-101
-3 (base 13) to base 8
-3
What is -4 (base 9) in base 13?
-4
What is -3 (base 4) in base 11?
-3
Convert 221 (base 4) to base 3.
1112
What is 23 (base 9) in base 15?
16
Convert -4 (base 13) to base 9.
-4
-4 (base 11) to base 9
-4
2 (base 9) to base 12
2
Convert d (base 16) to base 2.
1101
Convert 110 (base 3) to base 10.
12
Convert -231 (base 6) to base 16.
-5b
What is 3 (base 12) in base 11?
3
What is 3 (base 6) in base 12?
3
Convert 4 (base 15) to base 2.
100
Convert -1 (base 12) to base 4.
-1
-23 (base 10) to base 14
-19
What is -15 (base 6) in base 3?
-102
What is 19 (base 10) in base 16?
13
Convert 9 (base 13) to base 11.
9
What is 1 (base 11) in base 6?
1
Convert 1011110 (base 2) to base 5.
334
-88 (base 16) to base 8
-210
Convert -2 (base 9) to base 3.
-2
-5 (base 6) to base 11
-5
What is 11 (base 3) in base 5?
4
What is 8 (base 12) in base 13?
8
Convert 10 (base 2) to base 4.
2
0 (base 4) to base 15
0
2133 (base 4) to base 16
9f
What is -5 (base 7) in base 2?
-101
-3 (base 15) to base 4
-3
161 (base 11) to base 4
2330
What is 10 (base 16) in base 14?
12
What is 2 (base 5) in base 9?
2
What is 22 (base 9) in base 14?
16
What is 15 (base 14) in base 7?
25
Convert 97 (base 15) to base 8.
216
What is -29 (base 14) in base 12?
-31
Convert 0 (base 11) to base 16.
0
What is -2010 (base 3) in base 7?
-111
What is 45 (base 15) in base 2?
1000001
1101 (base 3) to base 15
27
Convert -11002 (base 3) to base 11.
-a0
-10 (base 8) to base 13
-8
4 (base 12) to base 5
4
Convert 112 (base 4) to base 14.
18
-6 (base 10) to base 14
-6
Convert -14 (base 7) to base 4.
-23
What is 5 (base 6) in base 15?
5
Convert 102 (base 4) to base 15.
13
-13 (base 9) to base 16
-c
What is -3b (base 13) in base 10?
-50
Convert -1000 (base 2) to base 12.
-8
-13 (base 13) to base 11
-15
Convert 0 (base 7) to base 9.
0
Conve